{"id":1838,"date":"2017-05-18T16:20:18","date_gmt":"2017-05-18T16:20:18","guid":{"rendered":"https:\/\/wander.com.ar\/website\/productos\/primatek-eco-flex-0w-16\/"},"modified":"2022-11-24T16:27:50","modified_gmt":"2022-11-24T16:27:50","slug":"w2310","status":"publish","type":"product","link":"https:\/\/wander.com.ar\/website\/productos\/w2310\/","title":{"rendered":"PRIMATEK ECO FLEX 0W-16"},"content":{"rendered":"<h3>Beneficios:<\/h3>\n<ul>\n<li>Garantiza una excelente presi\u00f3n de aceite y m\u00ednimo dep\u00f3sito en aros y pistones.<\/li>\n<li>Para motores equipados con sistema START\/STOP.<\/li>\n<li>Low Saps apto para sistemas de post tratamiento de gases de escape (GPF\/DPF\/SCR.)<\/li>\n<li>Disminuye efecto LSPI.<\/li>\n<li>Baja volatilidad y bajo consumo de lubricante.<\/li>\n<li>No forma dep\u00f3sitos.<\/li>\n<li>Puede emplearse como reemplazo donde se requiera un lubricante SAE 0W-20 \u00f3 5W-20.<\/li>\n<li>Intervalo de cambio extendido hasta 25.000km.<\/li>\n<\/ul>\n<div class='et-box et-shadow'>\n\t\t\t\t\t<div class='et-box-content'><strong>Apto para motores convencionales y veh\u00edculos que emplean sistemas h\u00edbridos de propulsi\u00f3n, bajo todo tipo de condici\u00f3n operativa. Cumple con las normas API SP &#8211; ACEA C1 &#8211; ILSAC GF-6B. Puede reemplazar a los aceites de motor de grado SAE 0W-20 y 5W-20.<\/strong><\/div><\/div>\n","protected":false},"excerpt":{"rendered":"<p>Lubricante de alta performance y baja fricci\u00f3n que es capaz de cumplimentar con los requerimientos de los motores de \u00faltima generaci\u00f3n que emplean un lubricante de dichas caracter\u00edsticas.<\/p>\n","protected":false},"featured_media":6167,"template":"","meta":{"_et_pb_use_builder":"","_et_pb_old_content":"","_et_gb_content_width":""},"product_brand":[],"product_cat":[414,144],"product_tag":[469,274,461,269,460],"class_list":{"0":"post-1838","1":"product","2":"type-product","3":"status-publish","4":"has-post-thumbnail","6":"product_cat-lubricantes-para-motores","7":"product_cat-autos","8":"product_tag-aceite-0w16","9":"product_tag-aceite-sintetico","10":"product_tag-eco-flex","11":"product_tag-lubricante-sintetico","12":"product_tag-primatek","14":"first","15":"instock","16":"featured","17":"shipping-taxable","18":"product-type-simple"},"yoast_head":"<!-- This site is optimized with the Yoast SEO plugin v23.9 - https:\/\/yoast.com\/wordpress\/plugins\/seo\/ -->\n<title>PRIMATEK ECO FLEX 0W-16 | API SP ACEA C1<\/title>\n<meta name=\"description\" content=\"Lubricante de alta performance y baja fricci\u00f3n que es capaz de cumplimentar con los requerimientos de los motores de \u00faltima generaci\u00f3n que emplean un lubricante de dichas caracter\u00edsticas.\" \/>\n<meta name=\"robots\" content=\"index, follow, max-snippet:-1, max-image-preview:large, max-video-preview:-1\" \/>\n<link rel=\"canonical\" href=\"https:\/\/wander.com.ar\/website\/productos\/w2310\/\" \/>\n<meta property=\"og:locale\" content=\"es_ES\" \/>\n<meta property=\"og:type\" content=\"article\" \/>\n<meta property=\"og:title\" content=\"PRIMATEK ECO FLEX 0W-16 | API SP ACEA C1\" \/>\n<meta property=\"og:description\" content=\"Lubricante de alta performance y baja fricci\u00f3n que es capaz de cumplimentar con los requerimientos de los motores de \u00faltima generaci\u00f3n que emplean un lubricante de dichas caracter\u00edsticas.\" \/>\n<meta property=\"og:url\" content=\"https:\/\/wander.com.ar\/website\/productos\/w2310\/\" \/>\n<meta property=\"og:site_name\" content=\"Wander\" \/>\n<meta property=\"article:publisher\" content=\"https:\/\/www.facebook.com\/wanderargentina.ok\/\" \/>\n<meta property=\"article:modified_time\" content=\"2022-11-24T16:27:50+00:00\" \/>\n<meta property=\"og:image\" content=\"https:\/\/wander.com.ar\/website\/wp-content\/uploads\/2316.png\" \/>\n\t<meta property=\"og:image:width\" content=\"800\" \/>\n\t<meta property=\"og:image:height\" content=\"800\" \/>\n\t<meta property=\"og:image:type\" content=\"image\/png\" \/>\n<meta name=\"twitter:card\" content=\"summary_large_image\" \/>\n<meta name=\"twitter:label1\" content=\"Tiempo de lectura\" \/>\n\t<meta name=\"twitter:data1\" content=\"1 minuto\" \/>\n<script type=\"application\/ld+json\" class=\"yoast-schema-graph\">{\"@context\":\"https:\/\/schema.org\",\"@graph\":[{\"@type\":\"WebPage\",\"@id\":\"https:\/\/wander.com.ar\/website\/productos\/w2310\/\",\"url\":\"https:\/\/wander.com.ar\/website\/productos\/w2310\/\",\"name\":\"PRIMATEK ECO FLEX 0W-16 | API SP ACEA C1\",\"isPartOf\":{\"@id\":\"https:\/\/wander.com.ar\/website\/#website\"},\"primaryImageOfPage\":{\"@id\":\"https:\/\/wander.com.ar\/website\/productos\/w2310\/#primaryimage\"},\"image\":{\"@id\":\"https:\/\/wander.com.ar\/website\/productos\/w2310\/#primaryimage\"},\"thumbnailUrl\":\"https:\/\/wander.com.ar\/website\/wp-content\/uploads\/2316.png\",\"datePublished\":\"2017-05-18T16:20:18+00:00\",\"dateModified\":\"2022-11-24T16:27:50+00:00\",\"description\":\"Lubricante de alta performance y baja fricci\u00f3n que es capaz de cumplimentar con los requerimientos de los motores de \u00faltima generaci\u00f3n que emplean un lubricante de dichas caracter\u00edsticas.\",\"breadcrumb\":{\"@id\":\"https:\/\/wander.com.ar\/website\/productos\/w2310\/#breadcrumb\"},\"inLanguage\":\"es\",\"potentialAction\":[{\"@type\":\"ReadAction\",\"target\":[\"https:\/\/wander.com.ar\/website\/productos\/w2310\/\"]}]},{\"@type\":\"ImageObject\",\"inLanguage\":\"es\",\"@id\":\"https:\/\/wander.com.ar\/website\/productos\/w2310\/#primaryimage\",\"url\":\"https:\/\/wander.com.ar\/website\/wp-content\/uploads\/2316.png\",\"contentUrl\":\"https:\/\/wander.com.ar\/website\/wp-content\/uploads\/2316.png\",\"width\":800,\"height\":800},{\"@type\":\"BreadcrumbList\",\"@id\":\"https:\/\/wander.com.ar\/website\/productos\/w2310\/#breadcrumb\",\"itemListElement\":[{\"@type\":\"ListItem\",\"position\":1,\"name\":\"Portada\",\"item\":\"https:\/\/wander.com.ar\/website\/\"},{\"@type\":\"ListItem\",\"position\":2,\"name\":\"Nuestros Productos\",\"item\":\"https:\/\/wander.com.ar\/website\/?page_id=2343\"},{\"@type\":\"ListItem\",\"position\":3,\"name\":\"PRIMATEK ECO FLEX 0W-16\"}]},{\"@type\":\"WebSite\",\"@id\":\"https:\/\/wander.com.ar\/website\/#website\",\"url\":\"https:\/\/wander.com.ar\/website\/\",\"name\":\"Wander Argentina\",\"description\":\"Productos para el mercado automotor\",\"publisher\":{\"@id\":\"https:\/\/wander.com.ar\/website\/#organization\"},\"alternateName\":\"Wander\",\"potentialAction\":[{\"@type\":\"SearchAction\",\"target\":{\"@type\":\"EntryPoint\",\"urlTemplate\":\"https:\/\/wander.com.ar\/website\/?s={search_term_string}\"},\"query-input\":{\"@type\":\"PropertyValueSpecification\",\"valueRequired\":true,\"valueName\":\"search_term_string\"}}],\"inLanguage\":\"es\"},{\"@type\":\"Organization\",\"@id\":\"https:\/\/wander.com.ar\/website\/#organization\",\"name\":\"Wander Argentina\",\"alternateName\":\"Wander\",\"url\":\"https:\/\/wander.com.ar\/website\/\",\"logo\":{\"@type\":\"ImageObject\",\"inLanguage\":\"es\",\"@id\":\"https:\/\/wander.com.ar\/website\/#\/schema\/logo\/image\/\",\"url\":\"https:\/\/wander.com.ar\/website\/wp-content\/uploads\/wander_isologo_hor_pos.png\",\"contentUrl\":\"https:\/\/wander.com.ar\/website\/wp-content\/uploads\/wander_isologo_hor_pos.png\",\"width\":951,\"height\":333,\"caption\":\"Wander Argentina\"},\"image\":{\"@id\":\"https:\/\/wander.com.ar\/website\/#\/schema\/logo\/image\/\"},\"sameAs\":[\"https:\/\/www.facebook.com\/wanderargentina.ok\/\",\"https:\/\/www.youtube.com\/@WanderRacingTV\",\"https:\/\/www.instagram.com\/wanderargentina.ok\"]}]}<\/script>\n<!-- \/ Yoast SEO plugin. -->","yoast_head_json":{"title":"PRIMATEK ECO FLEX 0W-16 | API SP ACEA C1","description":"Lubricante de alta performance y baja fricci\u00f3n que es capaz de cumplimentar con los requerimientos de los motores de \u00faltima generaci\u00f3n que emplean un lubricante de dichas caracter\u00edsticas.","robots":{"index":"index","follow":"follow","max-snippet":"max-snippet:-1","max-image-preview":"max-image-preview:large","max-video-preview":"max-video-preview:-1"},"canonical":"https:\/\/wander.com.ar\/website\/productos\/w2310\/","og_locale":"es_ES","og_type":"article","og_title":"PRIMATEK ECO FLEX 0W-16 | API SP ACEA C1","og_description":"Lubricante de alta performance y baja fricci\u00f3n que es capaz de cumplimentar con los requerimientos de los motores de \u00faltima generaci\u00f3n que emplean un lubricante de dichas caracter\u00edsticas.","og_url":"https:\/\/wander.com.ar\/website\/productos\/w2310\/","og_site_name":"Wander","article_publisher":"https:\/\/www.facebook.com\/wanderargentina.ok\/","article_modified_time":"2022-11-24T16:27:50+00:00","og_image":[{"width":800,"height":800,"url":"https:\/\/wander.com.ar\/website\/wp-content\/uploads\/2316.png","type":"image\/png"}],"twitter_card":"summary_large_image","twitter_misc":{"Tiempo de lectura":"1 minuto"},"schema":{"@context":"https:\/\/schema.org","@graph":[{"@type":"WebPage","@id":"https:\/\/wander.com.ar\/website\/productos\/w2310\/","url":"https:\/\/wander.com.ar\/website\/productos\/w2310\/","name":"PRIMATEK ECO FLEX 0W-16 | API SP ACEA C1","isPartOf":{"@id":"https:\/\/wander.com.ar\/website\/#website"},"primaryImageOfPage":{"@id":"https:\/\/wander.com.ar\/website\/productos\/w2310\/#primaryimage"},"image":{"@id":"https:\/\/wander.com.ar\/website\/productos\/w2310\/#primaryimage"},"thumbnailUrl":"https:\/\/wander.com.ar\/website\/wp-content\/uploads\/2316.png","datePublished":"2017-05-18T16:20:18+00:00","dateModified":"2022-11-24T16:27:50+00:00","description":"Lubricante de alta performance y baja fricci\u00f3n que es capaz de cumplimentar con los requerimientos de los motores de \u00faltima generaci\u00f3n que emplean un lubricante de dichas caracter\u00edsticas.","breadcrumb":{"@id":"https:\/\/wander.com.ar\/website\/productos\/w2310\/#breadcrumb"},"inLanguage":"es","potentialAction":[{"@type":"ReadAction","target":["https:\/\/wander.com.ar\/website\/productos\/w2310\/"]}]},{"@type":"ImageObject","inLanguage":"es","@id":"https:\/\/wander.com.ar\/website\/productos\/w2310\/#primaryimage","url":"https:\/\/wander.com.ar\/website\/wp-content\/uploads\/2316.png","contentUrl":"https:\/\/wander.com.ar\/website\/wp-content\/uploads\/2316.png","width":800,"height":800},{"@type":"BreadcrumbList","@id":"https:\/\/wander.com.ar\/website\/productos\/w2310\/#breadcrumb","itemListElement":[{"@type":"ListItem","position":1,"name":"Portada","item":"https:\/\/wander.com.ar\/website\/"},{"@type":"ListItem","position":2,"name":"Nuestros Productos","item":"https:\/\/wander.com.ar\/website\/?page_id=2343"},{"@type":"ListItem","position":3,"name":"PRIMATEK ECO FLEX 0W-16"}]},{"@type":"WebSite","@id":"https:\/\/wander.com.ar\/website\/#website","url":"https:\/\/wander.com.ar\/website\/","name":"Wander Argentina","description":"Productos para el mercado automotor","publisher":{"@id":"https:\/\/wander.com.ar\/website\/#organization"},"alternateName":"Wander","potentialAction":[{"@type":"SearchAction","target":{"@type":"EntryPoint","urlTemplate":"https:\/\/wander.com.ar\/website\/?s={search_term_string}"},"query-input":{"@type":"PropertyValueSpecification","valueRequired":true,"valueName":"search_term_string"}}],"inLanguage":"es"},{"@type":"Organization","@id":"https:\/\/wander.com.ar\/website\/#organization","name":"Wander Argentina","alternateName":"Wander","url":"https:\/\/wander.com.ar\/website\/","logo":{"@type":"ImageObject","inLanguage":"es","@id":"https:\/\/wander.com.ar\/website\/#\/schema\/logo\/image\/","url":"https:\/\/wander.com.ar\/website\/wp-content\/uploads\/wander_isologo_hor_pos.png","contentUrl":"https:\/\/wander.com.ar\/website\/wp-content\/uploads\/wander_isologo_hor_pos.png","width":951,"height":333,"caption":"Wander Argentina"},"image":{"@id":"https:\/\/wander.com.ar\/website\/#\/schema\/logo\/image\/"},"sameAs":["https:\/\/www.facebook.com\/wanderargentina.ok\/","https:\/\/www.youtube.com\/@WanderRacingTV","https:\/\/www.instagram.com\/wanderargentina.ok"]}]}},"_links":{"self":[{"href":"https:\/\/wander.com.ar\/website\/wp-json\/wp\/v2\/product\/1838","targetHints":{"allow":["GET"]}}],"collection":[{"href":"https:\/\/wander.com.ar\/website\/wp-json\/wp\/v2\/product"}],"about":[{"href":"https:\/\/wander.com.ar\/website\/wp-json\/wp\/v2\/types\/product"}],"wp:featuredmedia":[{"embeddable":true,"href":"https:\/\/wander.com.ar\/website\/wp-json\/wp\/v2\/media\/6167"}],"wp:attachment":[{"href":"https:\/\/wander.com.ar\/website\/wp-json\/wp\/v2\/media?parent=1838"}],"wp:term":[{"taxonomy":"product_brand","embeddable":true,"href":"https:\/\/wander.com.ar\/website\/wp-json\/wp\/v2\/product_brand?post=1838"},{"taxonomy":"product_cat","embeddable":true,"href":"https:\/\/wander.com.ar\/website\/wp-json\/wp\/v2\/product_cat?post=1838"},{"taxonomy":"product_tag","embeddable":true,"href":"https:\/\/wander.com.ar\/website\/wp-json\/wp\/v2\/product_tag?post=1838"}],"curies":[{"name":"wp","href":"https:\/\/api.w.org\/{rel}","templated":true}]}}